{"id":177,"date":"2020-04-21T10:40:30","date_gmt":"2020-04-21T08:40:30","guid":{"rendered":"http:\/\/resiliane.com\/?page_id=177"},"modified":"2026-03-07T11:53:27","modified_gmt":"2026-03-07T10:53:27","slug":"qui-sommes-nous","status":"publish","type":"page","link":"https:\/\/resiliane.com\/index.php\/fr\/qui-sommes-nous\/","title":{"rendered":"QUI SOMMES-NOUS?"},"content":{"rendered":"\t\t<div data-elementor-type=\"wp-page\" data-elementor-id=\"177\" class=\"elementor elementor-177\">\n\t\t\t\t\t\t\t\t\t<section class=\"elementor-section elementor-top-section elementor-element elementor-element-1ba8e76 elementor-section-boxed elementor-section-height-default elementor-section-height-default\" data-id=\"1ba8e76\" data-element_type=\"section\">\n\t\t\t\t\t\t<div class=\"elementor-container elementor-column-gap-default\">\n\t\t\t\t\t<div class=\"elementor-column elementor-col-100 elementor-top-column elementor-element elementor-element-7e7ba9f\" data-id=\"7e7ba9f\" data-element_type=\"column\">\n\t\t\t<div class=\"elementor-widget-wrap elementor-element-populated\">\n\t\t\t\t\t\t\t\t<div class=\"elementor-element elementor-element-842d8ea elementor-widget elementor-widget-heading\" data-id=\"842d8ea\" data-element_type=\"widget\" data-widget_type=\"heading.default\">\n\t\t\t\t<div class=\"elementor-widget-container\">\n\t\t\t<h2 class=\"elementor-heading-title elementor-size-medium\">Qui sommes-nous ?<\/h2>\t\t<\/div>\n\t\t\t\t<\/div>\n\t\t\t\t\t<\/div>\n\t\t<\/div>\n\t\t\t\t\t\t\t<\/div>\n\t\t<\/section>\n\t\t\t\t<section class=\"elementor-section elementor-top-section elementor-element elementor-element-fbef242 elementor-section-boxed elementor-section-height-default elementor-section-height-default\" data-id=\"fbef242\" data-element_type=\"section\">\n\t\t\t\t\t\t<div class=\"elementor-container elementor-column-gap-default\">\n\t\t\t\t\t<div class=\"elementor-column elementor-col-100 elementor-top-column elementor-element elementor-element-cffc03f\" data-id=\"cffc03f\" data-element_type=\"column\">\n\t\t\t<div class=\"elementor-widget-wrap elementor-element-populated\">\n\t\t\t\t\t\t\t\t<div class=\"elementor-element elementor-element-a88718e elementor-widget elementor-widget-text-editor\" data-id=\"a88718e\" data-element_type=\"widget\" data-widget_type=\"text-editor.default\">\n\t\t\t\t<div class=\"elementor-widget-container\">\n\t\t\t\t\t\t\t<p>Les entreprises doivent s&#8217;adapter continuellement \u00e0 des technologies complexes et en constante \u00e9volution afin de s&#8217;assurer une p\u00e9rennit\u00e9 \u00e9conomique dans ce monde interconnect\u00e9 au flux tendu.<\/p><p>\u00a0<\/p><p>Les serveurs h\u00e9bergeant leurs pr\u00e9cieuses donn\u00e9es doivent \u00eatre hautement s\u00e9curis\u00e9s. C\u2019est un exercice rendu difficile au vu du contexte technique, r\u00e8glementaire et humain et surtout de l\u2019impact d\u00e9vastateur des d\u00e9faillances (paralysie du SI, interruption de l\u2019activit\u00e9 de l\u2019entreprise, fraudes, pertes de donn\u00e9es\u2026).<\/p><p>\u00a0<\/p><p>Il appartient aux dirigeants de mettre en place une surveillance continue permettant de lutter contre les actions malveillantes et les erreurs humaines, incluant des contr\u00f4les tels que\u00a0 &#8211; \u00a0 auditer les op\u00e9rations effectu\u00e9es sur les donn\u00e9es critiques (carte de cr\u00e9dit\u00a0; donn\u00e9es personnelles\u00a0; secret industriel, bancaire, m\u00e9dical, etc), renforcer les contr\u00f4les d\u2019acc\u00e8s \/ les authentifications\/ les droits de lecture et de modification, \u00eatre alert\u00e9 en temps r\u00e9el, etc.<\/p><p>\u00a0<\/p><p>Les diff\u00e9rents logiciels de s\u00e9curit\u00e9 du march\u00e9, s\u2019appuyant sur leur technologie respective, apportent certes leur r\u00e9ponse, mais encore faudrait-il qu\u2019ils soient correctement install\u00e9s, param\u00e9tr\u00e9s, exploit\u00e9s et mis \u00e0 jour afin que la protection soit pertinente et efficace.<\/p><p>\u00a0<\/p><p>De plus, les lois sur le renforcement de la protection des donn\u00e9es ajoutent des obligations suppl\u00e9mentaires cons\u00e9quentes et responsabilisent plus encore les acteurs traitant les donn\u00e9es. La mise en conformit\u00e9 avec ces lois doit \u00eatre int\u00e9gr\u00e9e dans les proc\u00e9dures des entreprises sous peine de sanctions.<\/p><p>\u00a0<\/p><p>Conscients de l&#8217;importance de la protection des actifs, des menaces et vuln\u00e9rabilit\u00e9s pesant sur leurs entreprises, les dirigeants sollicitent la contribution d\u2019intervenants sp\u00e9cialis\u00e9s en s\u00e9curit\u00e9, poss\u00e9dant des comp\u00e9tences, des connaissances et exp\u00e9riences \u00e9prouv\u00e9es. L\u2019expertise de ces derniers doit reposer sur la m\u00eame technologie utilis\u00e9e par l\u2019entreprise.<\/p><p>\u00a0<\/p><p>Resiliane propose ses services en tant qu\u2019Expert en Audit et S\u00e9curit\u00e9 sur la plateforme IBM i. Ces prestations se font exclusivement dans un environnement IBM i ou OS\/400 dans lequel Resiliane a plus de 25 ans d\u2018exp\u00e9rience. Les missions s\u2019effectuent \u00e0 distance et\/ou sur site, en fonction des contraintes de chaque client (en fran\u00e7ais et\/ou en anglais).<\/p>\t\t\t\t\t\t<\/div>\n\t\t\t\t<\/div>\n\t\t\t\t\t<\/div>\n\t\t<\/div>\n\t\t\t\t\t\t\t<\/div>\n\t\t<\/section>\n\t\t\t\t<section class=\"elementor-section elementor-top-section elementor-element elementor-element-6a06992 elementor-section-boxed elementor-section-height-default elementor-section-height-default\" data-id=\"6a06992\" data-element_type=\"section\">\n\t\t\t\t\t\t<div class=\"elementor-container elementor-column-gap-default\">\n\t\t\t\t\t<div class=\"elementor-column elementor-col-100 elementor-top-column elementor-element elementor-element-e4b485e\" data-id=\"e4b485e\" data-element_type=\"column\">\n\t\t\t<div class=\"elementor-widget-wrap elementor-element-populated\">\n\t\t\t\t\t\t\t\t<div class=\"elementor-element elementor-element-9975502 elementor-widget elementor-widget-text-editor\" data-id=\"9975502\" data-element_type=\"widget\" data-widget_type=\"text-editor.default\">\n\t\t\t\t<div class=\"elementor-widget-container\">\n\t\t\t\t\t\t\t\t\t\t\t\t\t<\/div>\n\t\t\t\t<\/div>\n\t\t\t\t\t<\/div>\n\t\t<\/div>\n\t\t\t\t\t\t\t<\/div>\n\t\t<\/section>\n\t\t\t\t<section class=\"elementor-section elementor-top-section elementor-element elementor-element-1423dce elementor-section-boxed elementor-section-height-default elementor-section-height-default\" data-id=\"1423dce\" data-element_type=\"section\">\n\t\t\t\t\t\t<div class=\"elementor-container elementor-column-gap-default\">\n\t\t\t\t\t<div class=\"elementor-column elementor-col-100 elementor-top-column elementor-element elementor-element-598c968\" data-id=\"598c968\" data-element_type=\"column\">\n\t\t\t<div class=\"elementor-widget-wrap elementor-element-populated\">\n\t\t\t\t\t\t\t\t<div class=\"elementor-element elementor-element-dfd653f elementor-widget elementor-widget-heading\" data-id=\"dfd653f\" data-element_type=\"widget\" data-widget_type=\"heading.default\">\n\t\t\t\t<div class=\"elementor-widget-container\">\n\t\t\t<h2 class=\"elementor-heading-title elementor-size-medium\">Fondateur<\/h2>\t\t<\/div>\n\t\t\t\t<\/div>\n\t\t\t\t\t<\/div>\n\t\t<\/div>\n\t\t\t\t\t\t\t<\/div>\n\t\t<\/section>\n\t\t\t\t<section class=\"elementor-section elementor-top-section elementor-element elementor-element-7eeb3c3 elementor-section-boxed elementor-section-height-default elementor-section-height-default\" data-id=\"7eeb3c3\" data-element_type=\"section\">\n\t\t\t\t\t\t<div class=\"elementor-container elementor-column-gap-default\">\n\t\t\t\t\t<div class=\"elementor-column elementor-col-66 elementor-top-column elementor-element elementor-element-63becc5\" data-id=\"63becc5\" data-element_type=\"column\">\n\t\t\t<div class=\"elementor-widget-wrap elementor-element-populated\">\n\t\t\t\t\t\t\t\t<div class=\"elementor-element elementor-element-e1e568a elementor-widget elementor-widget-text-editor\" data-id=\"e1e568a\" data-element_type=\"widget\" data-widget_type=\"text-editor.default\">\n\t\t\t\t<div class=\"elementor-widget-container\">\n\t\t\t\t\t\t\t<p>Durant plus de vingt cinq ans, Guy Marmorat s\u2019est consacr\u00e9 au d\u00e9veloppement de Solutions Logicielles de S\u00e9curit\u00e9 pour l\u2019IBM i (AS\/400) et a contribu\u00e9 au positionnement de la Soci\u00e9t\u00e9 Cilasoft comme l\u2019une des leaders mondiales de Solutions d\u2019Audit et de S\u00e9curit\u00e9 sur IBM i.<\/p><p>Fin 2017, Guy a rejoint le Groupe Syncsort-Vision Solutions, comme \u201cSenior Director of Product Management\u201d.<\/p><p>Indiscutablement passionn\u00e9, Guy cr\u00e9e en 2019, la soci\u00e9t\u00e9 Resiliane, dont l\u2019objectif est de continuer d\u2019\u00e9tudier le monde de la S\u00e9curit\u00e9 et de partager son expertise.<\/p><p>Aujourd\u2019hui, il accompagne les entreprises dans tous projets de renforcement de la S\u00e9curit\u00e9 sur IBM i.<\/p>\t\t\t\t\t\t<\/div>\n\t\t\t\t<\/div>\n\t\t\t\t\t<\/div>\n\t\t<\/div>\n\t\t\t\t<div class=\"elementor-column elementor-col-33 elementor-top-column elementor-element elementor-element-688876e\" data-id=\"688876e\" data-element_type=\"column\">\n\t\t\t<div class=\"elementor-widget-wrap elementor-element-populated\">\n\t\t\t\t\t\t\t\t<div class=\"elementor-element elementor-element-06eec07 elementor-widget elementor-widget-image\" data-id=\"06eec07\" data-element_type=\"widget\" data-widget_type=\"image.default\">\n\t\t\t\t<div class=\"elementor-widget-container\">\n\t\t\t\t\t\t\t\t\t\t\t\t\t\t\t<img decoding=\"async\" src=\"https:\/\/resiliane.com\/wp-content\/uploads\/elementor\/thumbs\/GUY_MARMORAT_IBMi_Security_Expert-pjcduaz9d09kni1ffupoo6vv3nqoxnkjf2ct5kilvi.png\" title=\"GUY_MARMORAT_IBMi_Security_Expert\" alt=\"GUY_MARMORAT_IBMi_Security_Expert\" loading=\"lazy\" \/>\t\t\t\t\t\t\t\t\t\t\t\t\t\t\t<\/div>\n\t\t\t\t<\/div>\n\t\t\t\t\t<\/div>\n\t\t<\/div>\n\t\t\t\t\t\t\t<\/div>\n\t\t<\/section>\n\t\t\t\t<section class=\"elementor-section elementor-top-section elementor-element elementor-element-eadadb4 elementor-section-boxed elementor-section-height-default elementor-section-height-default\" data-id=\"eadadb4\" data-element_type=\"section\">\n\t\t\t\t\t\t<div class=\"elementor-container elementor-column-gap-default\">\n\t\t\t\t\t<div class=\"elementor-column elementor-col-100 elementor-top-column elementor-element elementor-element-95c129c\" data-id=\"95c129c\" data-element_type=\"column\">\n\t\t\t<div class=\"elementor-widget-wrap elementor-element-populated\">\n\t\t\t\t\t\t\t\t<div class=\"elementor-element elementor-element-11b5a6e elementor-widget elementor-widget-spacer\" data-id=\"11b5a6e\" data-element_type=\"widget\" data-widget_type=\"spacer.default\">\n\t\t\t\t<div class=\"elementor-widget-container\">\n\t\t\t\t\t<div class=\"elementor-spacer\">\n\t\t\t<div class=\"elementor-spacer-inner\"><\/div>\n\t\t<\/div>\n\t\t\t\t<\/div>\n\t\t\t\t<\/div>\n\t\t\t\t\t<\/div>\n\t\t<\/div>\n\t\t\t\t\t\t\t<\/div>\n\t\t<\/section>\n\t\t\t\t<section class=\"elementor-section elementor-top-section elementor-element elementor-element-f587c83 elementor-section-boxed elementor-section-height-default elementor-section-height-default\" data-id=\"f587c83\" data-element_type=\"section\">\n\t\t\t\t\t\t<div class=\"elementor-container elementor-column-gap-default\">\n\t\t\t\t\t<div class=\"elementor-column elementor-col-33 elementor-top-column elementor-element elementor-element-cd856bc\" data-id=\"cd856bc\" data-element_type=\"column\">\n\t\t\t<div class=\"elementor-widget-wrap elementor-element-populated\">\n\t\t\t\t\t\t\t\t<div class=\"elementor-element elementor-element-621bd4f elementor-widget elementor-widget-image\" data-id=\"621bd4f\" data-element_type=\"widget\" data-widget_type=\"image.default\">\n\t\t\t\t<div class=\"elementor-widget-container\">\n\t\t\t\t\t\t\t\t\t\t\t\t\t\t\t<img decoding=\"async\" src=\"https:\/\/resiliane.com\/wp-content\/uploads\/elementor\/thumbs\/IBM-Champions_2026_guy-marmorat-rk5kbg0ds2rz4omxk7twatvw5fldx43wcwm71r95xe.png\" title=\"IBM-Champions_2026_guy-marmorat\" alt=\"IBM-Champions_2026_guy-marmorat\" loading=\"lazy\" \/>\t\t\t\t\t\t\t\t\t\t\t\t\t\t\t<\/div>\n\t\t\t\t<\/div>\n\t\t\t\t\t<\/div>\n\t\t<\/div>\n\t\t\t\t<div class=\"elementor-column elementor-col-33 elementor-top-column elementor-element elementor-element-453ba41\" data-id=\"453ba41\" data-element_type=\"column\">\n\t\t\t<div class=\"elementor-widget-wrap elementor-element-populated\">\n\t\t\t\t\t\t\t\t<div class=\"elementor-element elementor-element-b7828ec elementor-widget elementor-widget-image\" data-id=\"b7828ec\" data-element_type=\"widget\" data-widget_type=\"image.default\">\n\t\t\t\t<div class=\"elementor-widget-container\">\n\t\t\t\t\t\t\t\t\t\t\t\t\t\t\t<img decoding=\"async\" src=\"https:\/\/resiliane.com\/wp-content\/uploads\/elementor\/thumbs\/IBM-champion_3_Year_Milestone_guy_marmorat-r540sv6ecco84ebwx4p9lumojym582lm6gt7dob77m.png\" title=\"IBM-champion_3_Year_Milestone_guy_marmorat\" alt=\"IBM-champion_3_Year_Milestone_guy_marmorat\" loading=\"lazy\" \/>\t\t\t\t\t\t\t\t\t\t\t\t\t\t\t<\/div>\n\t\t\t\t<\/div>\n\t\t\t\t\t<\/div>\n\t\t<\/div>\n\t\t\t\t<div class=\"elementor-column elementor-col-33 elementor-top-column elementor-element elementor-element-c62e4f5\" data-id=\"c62e4f5\" data-element_type=\"column\">\n\t\t\t<div class=\"elementor-widget-wrap\">\n\t\t\t\t\t\t\t\t\t<\/div>\n\t\t<\/div>\n\t\t\t\t\t\t\t<\/div>\n\t\t<\/section>\n\t\t\t\t<section class=\"elementor-section elementor-top-section elementor-element elementor-element-b2a2ec5 elementor-section-boxed elementor-section-height-default elementor-section-height-default\" data-id=\"b2a2ec5\" data-element_type=\"section\">\n\t\t\t\t\t\t<div class=\"elementor-container elementor-column-gap-default\">\n\t\t\t\t\t<div class=\"elementor-column elementor-col-100 elementor-top-column elementor-element elementor-element-f5d7586\" data-id=\"f5d7586\" data-element_type=\"column\">\n\t\t\t<div class=\"elementor-widget-wrap elementor-element-populated\">\n\t\t\t\t\t\t\t\t<div class=\"elementor-element elementor-element-1fa2d03 elementor-widget elementor-widget-spacer\" data-id=\"1fa2d03\" data-element_type=\"widget\" data-widget_type=\"spacer.default\">\n\t\t\t\t<div class=\"elementor-widget-container\">\n\t\t\t\t\t<div class=\"elementor-spacer\">\n\t\t\t<div class=\"elementor-spacer-inner\"><\/div>\n\t\t<\/div>\n\t\t\t\t<\/div>\n\t\t\t\t<\/div>\n\t\t\t\t\t<\/div>\n\t\t<\/div>\n\t\t\t\t\t\t\t<\/div>\n\t\t<\/section>\n\t\t\t\t<section class=\"elementor-section elementor-top-section elementor-element elementor-element-74312b5 elementor-section-boxed elementor-section-height-default elementor-section-height-default\" data-id=\"74312b5\" data-element_type=\"section\">\n\t\t\t\t\t\t<div class=\"elementor-container elementor-column-gap-default\">\n\t\t\t\t\t<div class=\"elementor-column elementor-col-33 elementor-top-column elementor-element elementor-element-7d6c870\" data-id=\"7d6c870\" data-element_type=\"column\">\n\t\t\t<div class=\"elementor-widget-wrap\">\n\t\t\t\t\t\t\t\t\t<\/div>\n\t\t<\/div>\n\t\t\t\t<div class=\"elementor-column elementor-col-33 elementor-top-column elementor-element elementor-element-d391321\" data-id=\"d391321\" data-element_type=\"column\">\n\t\t\t<div class=\"elementor-widget-wrap elementor-element-populated\">\n\t\t\t\t\t\t\t\t<div class=\"elementor-element elementor-element-d2ccbec elementor-widget elementor-widget-image\" data-id=\"d2ccbec\" data-element_type=\"widget\" data-widget_type=\"image.default\">\n\t\t\t\t<div class=\"elementor-widget-container\">\n\t\t\t\t\t\t\t\t\t\t\t\t\t\t\t<img decoding=\"async\" src=\"https:\/\/resiliane.com\/wp-content\/uploads\/elementor\/thumbs\/COMMON_France_Resiliane-q3ay80y4thoaky21fefv0yolj2rjvool6fd5ul4boe.jpg\" title=\"COMMON_France_Resiliane\" alt=\"COMMON_France_Resiliane\" loading=\"lazy\" \/>\t\t\t\t\t\t\t\t\t\t\t\t\t\t\t<\/div>\n\t\t\t\t<\/div>\n\t\t\t\t\t<\/div>\n\t\t<\/div>\n\t\t\t\t<div class=\"elementor-column elementor-col-33 elementor-top-column elementor-element elementor-element-c016dbc\" data-id=\"c016dbc\" data-element_type=\"column\">\n\t\t\t<div class=\"elementor-widget-wrap\">\n\t\t\t\t\t\t\t\t\t<\/div>\n\t\t<\/div>\n\t\t\t\t\t\t\t<\/div>\n\t\t<\/section>\n\t\t\t\t\t\t\t<\/div>\n\t\t","protected":false},"excerpt":{"rendered":"<p>Qui sommes-nous ? Les entreprises doivent s&#8217;adapter continuellement \u00e0 des technologies complexes et en constante \u00e9volution afin de s&#8217;assurer une p\u00e9rennit\u00e9 \u00e9conomique dans ce monde interconnect\u00e9 au flux tendu. \u00a0 Les serveurs h\u00e9bergeant leurs pr\u00e9cieuses donn\u00e9es doivent \u00eatre hautement s\u00e9curis\u00e9s. C\u2019est un exercice rendu difficile au vu du contexte technique, r\u00e8glementaire et humain et surtout [&hellip;]<\/p>\n","protected":false},"author":1,"featured_media":0,"parent":0,"menu_order":1,"comment_status":"closed","ping_status":"closed","template":"elementor_header_footer","meta":{"footnotes":""},"class_list":["post-177","page","type-page","status-publish","hentry"],"_links":{"self":[{"href":"https:\/\/resiliane.com\/index.php\/wp-json\/wp\/v2\/pages\/177","targetHints":{"allow":["GET"]}}],"collection":[{"href":"https:\/\/resiliane.com\/index.php\/wp-json\/wp\/v2\/pages"}],"about":[{"href":"https:\/\/resiliane.com\/index.php\/wp-json\/wp\/v2\/types\/page"}],"author":[{"embeddable":true,"href":"https:\/\/resiliane.com\/index.php\/wp-json\/wp\/v2\/users\/1"}],"replies":[{"embeddable":true,"href":"https:\/\/resiliane.com\/index.php\/wp-json\/wp\/v2\/comments?post=177"}],"version-history":[{"count":36,"href":"https:\/\/resiliane.com\/index.php\/wp-json\/wp\/v2\/pages\/177\/revisions"}],"predecessor-version":[{"id":1476,"href":"https:\/\/resiliane.com\/index.php\/wp-json\/wp\/v2\/pages\/177\/revisions\/1476"}],"wp:attachment":[{"href":"https:\/\/resiliane.com\/index.php\/wp-json\/wp\/v2\/media?parent=177"}],"curies":[{"name":"wp","href":"https:\/\/api.w.org\/{rel}","templated":true}]}}